se -6*a = -2*a + 16, 3*r = -a + 155. What is the units digit of r?
3
Let p(r) = -2*r - 6. Let t be p(-6). Let z be 27/t + (-6)/(-4). Let j = 8 - z. What is the units digit of j?
2
Let v be (18/15)/((-3)/(-10)). Suppose -v*b + 6 = -2*b. Suppose 6 = -b*n + 4*n. What is the units digit of n?
6
Let p(g) = g**2 - 6*g - 4. Let h be (4 - -10)*(-1)/(-2). What is the units digit of p(h)?
3
Let i be (-2)/11 - (-402)/33. Let h = 15 - i. What is the units digit of h?
3
Let m(h) = -h - 2. Let b be m(5). Let q = b - -11. Suppose -23 = -a + 4*i, q*i = a + 2*a - 29. What is the units digit of a?
3
Let u(c) = -2 - 9*c + 0 - 2 - 2. What is the units digit of u(-6)?
8
Suppose 99 = -5*o - 96. Let z = -7 - o. What is the tens digit of z?
3
Suppose 0 = 5*m - 2*m - 3*f + 12, -4*f = 3*m + 5. Let p be ((-36)/(-16))/(m/(-40)). Let r = p - 17. What is the tens digit of r?
1
Suppose -15 = 5*p - 0*p. Let h(q) = q**3 + 4*q**2 + 2*q + 4. What is the units digit of h(p)?
7
Let v(b) = b + 4. Let l be v(5). Let s = -3 + l. Suppose -1 = z - s. What is the units digit of z?
5
Let u(w) = -w**3 - 4*w**2 + 5. What is the tens digit of u(-6)?
7
Suppose -3*j = 5*j - 616. What is the units digit of j?
7
Suppose l - 18 = -4*w, w - 13 = -l + 2. What is the tens digit of l?
1
Let c(n) = -2 + 11*n**2 + 3 + 0. Let q be c(-1). Suppose 5*d - q - 3 = 0. What is the units digit of d?
3
Let a = -9 - -9. Let p = 3 - a. Suppose -p*y - 20 = -7*y. What is the units digit of y?
5
Let x(t) = 3*t**2 + 6*t - 4. Suppose 0 = -q - 1 - 3. What is the units digit of x(q)?
0
Let s(i) = i**2 + 4*i. Let w be s(-5). Suppose 0 = 3*y + 3*p - 12, 2*y - y = -w*p + 8. Suppose -m + 11 - y = 0. What is the units digit of m?
8
Let n be 4/(-2) - -1 - -3. Suppose n*z = o + 16, 3*o = z + o - 5. What is the units digit of z?
9
Suppose -12 - 4 = -4*j. Suppose -3*f + j + 29 = 3*n, n - 27 = -5*f. What is the units digit of n?
7
Let u(l) = -l**2 + 9*l. Let k be u(10). Let v = k - -16. What is the units digit of v?
6
Let f(s) = -s**2 + 10*s + 5. Let a(u) = -19*u + 1. Let m be a(-1). Let o = 30 - m. What is the units digit of f(o)?
5
What is the units digit of (-24)/6*(1 + -2)?
4
What is the tens digit of -42*7/(147/(-18))?
3
Let u = -4 - -7. Suppose -2*j - u*j + 20 = 0. What is the units digit of j?
4
Let h = -1 + 1. Let a = -15 - -23. Suppose p - 2*f = 7, h = -p + 5*f - 1 + a. What is the units digit of p?
7
What is the tens digit of 588/18 - (-4)/(-6)?
3
Suppose u - 4*o - 40 = -4*u, -3*o = 5*u - 40. Suppose -2*q + 2 = -u. Suppose -q*n - 5*w - 4 + 34 = 0, 2*n + 5*w = 9. What is the units digit of n?
7
Suppose 8*v = 4*g + 5*v - 124, -g - 5*v + 31 = 0. What is the tens digit of g?
3
Suppose 0 = -2*n - j + 2, -3*n + 0*n = -2*j - 10. Suppose -n*p - 56 + 250 = 0. Suppose -f - p = -5*v - 17, 4*v = -4*f + 40. What is the tens digit of v?
1
Let f be 12 - 10 - (-8)/(-1). What is the units digit of 18*(3 - f/(-4))?
7
Let y be (-6)/(-5)*20/6. Let w = 5 + -3. Suppose 4 = w*m - y. What is the units digit of m?
4
Let z(i) = i - 2. Let y be z(6). Suppose -24 - 24 = -y*h. What is the tens digit of h?
1
Let j(r) = -5*r**2 + r. Let t be j(-1). What is the units digit of ((-5)/(-10))/((-1)/t)?
3
Let c(b) = 29*b + 5. Let j be c(3). Let a = j - 66. What is the tens digit of a?
2
Let i be (-2)/5 + (-376)/10. Let j = -27 - i. What is the tens digit of j?
1
Suppose -g - 2 = -5. What is the units digit of g?
3
Suppose -21*f + 20 = -17*f. What is the units digit of f?
5
Let q(p) = 18*p + 14. What is the hundreds digit of q(7)?
1
Suppose 3*i = 5*a - 24, -5*i + 3*a = 5 + 19. Let k(p) = p**3 + 6*p**2 - p. What is the tens digit of k(i)?
3
Suppose -5*s + 105 = n - 157, -n + 54 = s. Suppose -s = -4*l - 12. What is the units digit of l?
0
What is the units digit of 0 - -4 - (3 - 8)?
9
Suppose -19*p + 27*p - 1864 = 0. What is the tens digit of p?
3
Let q be (-48)/(-14)*42/1. Suppose q = -0*v + 3*v. What is the tens digit of v?
4
Let l be (-4)/(-1) - (0 - 0). Suppose -10 - 2 = -l*m. What is the units digit of 2/m*(2 - -1)?
2
Let r = -5 + 1. Let f(d) = -d**3 - 2*d**2 + 7*d + 5. What is the units digit of f(r)?
9
Suppose 0 = -5*g + 4*d + 654, 0 = -4*g + 9*d - 5*d + 520. What is the hundreds digit of g?
1
Let c(u) = 19*u - 6. Let d be c(5). Suppose -5*r + d = -1. What is the units digit of r?
8
Let g(j) = j**3 + j**2 + 2*j - 14. Let u(m) = 3*m**3 + 3*m**2 + 5*m - 41. Let x(w) = 8*g(w) - 3*u(w). What is the tens digit of x(0)?
1
Let m(o) = -7*o + 5. Let l be m(-4). Let w = l - 14. What is the tens digit of w?
1
Suppose -5*l - 84 = -z, z + 2*z = -2*l + 184. What is the units digit of z?
4
Let d = 98 - -16. What is the tens digit of d?
1
Let d(q) = q**3 + 14*q**2 - 11*q - 17. What is the hundreds digit of d(-14)?
1
Let d(n) = 4*n**2 - 8*n - 4. What is the units digit of d(4)?
8
Let w be (3/(-2))/(2/(-4)). Suppose -36 = -i - w*i. What is the units digit of i?
9
Let s(o) = -6 - 3 - o**2 + 10*o - 2. Suppose -20 = -4*b - 3*u, -3*b + 5*u + 4 = -5*b. What is the units digit of s(b)?
5
Let n(t) = 2*t**3 - 3*t**2 + 4*t + 8. What is the tens digit of n(4)?
0
Let l be 2/4 + 19/2. Let k(q) = 2*q + 9. Let s be k(l). Let j = -17 + s. What is the tens digit of j?
1
Suppose 1022 = 5*l - l - 3*p, 1024 = 4*l - 2*p. What is the units digit of l?
7
Let m = -113 - -193. What is the units digit of m?
0
Let a = 341 - 203. What is the tens digit of a?
3
Let c be (-2)/(-4) + 54/4. Let z = 6 - 14. Let j = z + c. What is the units digit of j?
6
Let f = 13 - 9. Let z = f - -6. What is the tens digit of z?
1
Let q be 16/(-24) + (-58)/(-6). Let k(v) = v**3 - 10*v**2 + 10*v + 3. What is the units digit of k(q)?
2
Suppose -4*f + 10 - 2 = 0. Suppose 16 = f*z + 3*p, -z = z + p - 8. What is the units digit of z?
2
Let n(d) = d**3 + 7*d**2 + 6*d - 2. What is the units digit of n(-5)?
8
Suppose -3*d = w - 49, 0 = w + 4*w + 3*d - 245. What is the units digit of w?
9
Let g(u) be the second derivative of u**5/20 + u**4/2 + 2*u**3/3 + 2*u**2 - 4*u. What is the units digit of g(-5)?
9
Let s be 1*3 - (3 + -3). Suppose -s*r = 4*x - 9*x + 13, x = -4*r + 21. Suppose x*q = 12 + 33. What is the units digit of q?
9
Let o be (-2)/(-6)*(-8 + 8). Suppose 0 = 5*p - o*p - 15. What is the units digit of p?
3
What is the tens digit of (392/(-3))/7*-3?
5
Let h be (1 - (0 - -3)) + 3. What is the units digit of (h*-6)/((-6)/8)?
8
Let t be 133 - (0 + -4)*1. Suppose -5*o + t = 4*n, -o + 0 = -1. What is the units digit of n?
3
Let o be (22/3)/(2/6). Suppose -o = -3*h + 8. What is the tens digit of h?
1
Suppose 6*k + 22 = 3*k - 5*h, 19 = 4*k - 3*h. What is the units digit of k?
1
Let d(i) = -2*i - 5. Suppose -3*x - 6 - 6 = 0. Let a be d(x). What is the units digit of 19/a + (-1)/3?
6
Suppose 5*x + 24 = 2*p - 4*p, -4*p - 2*x - 32 = 0. Let f = -67 - -53. Let d = p - f. What is the units digit of d?
7
Let r(w) = -w + 1. Let g be r(-3). Suppose m = g*m - 30. What is the tens digit of m?
1
Suppose 8*n - 5 = 7*n. Suppose 4*t + 30 = 8*t - n*m, -2*m = 4. What is the units digit of t?
5
What is the tens digit of 1/1 - (1 - 17)?
1
Let m(a) = 5*a - 2 + 3 - a**2 - 3. Let o be m(4). What is the units digit of ((-6)/o)/((-3)/4)?
4
Suppose 17 = -3*o + 5. What is the tens digit of (-104)/o*1/2?
1
Let y be 5/20 + (-1)/4. Suppose 4*s - 14 - 6 = y. What is the units digit of s?
5
Suppose 3*q = q + 3*u + 91, u = 4*q - 197. What is the tens digit of q?
5
Let p(k) = 3*k - 8. Let j be p(4). Let l = 12 + -8. What is the units digit of 104/j*2/l?
3
Suppose 3*w = 4*o - 5, -2*o + w + w = 0. Suppose 4*p - 3*a + 4*a = 140, 196 = o*p - 4*a. What is the tens digit of p?
3
Suppose 5*i = -5*h + 1440, -7*i + 850 = 3*h - 11*i. What is the tens digit of h?
8
Let m = 2 + 2. Let k be 43 - (-2)/(m + -2). Suppose k = -2*y + 6*y. What is the tens digit of y?
1
Let s(m) = 3*m**2 - 7*m + 19. What is the units digit of s(5)?
9
Let i(x) = x**2 + x + 7. What is the units digit of i(0)?
7
Suppose -q - 7 = -4*v + 7, 4*v = -2*q + 20. Suppose 3*b = -q*b + 35. Suppose b = -p + 3*p + j, -4*p + 2*j - 6 = 0. What is the units digit of p?
1
Let j(u) be the second derivative of 7*u**3/6 - 2*u**2 + 3*u. What is the tens digit of j(3)?
1
Let m be 6/9 - (-184)/(-6). What is the units digit of m/(-75) + 196/10?
0
Suppose 2*a - 116 = -5*o, -3*o + 4*a = -5*o + 40. What is the units 